{"id":18,"date":"2019-11-12T22:07:28","date_gmt":"2019-11-12T22:07:28","guid":{"rendered":"http:\/\/test1.tv-obernhain.de\/?page_id=18"},"modified":"2019-12-09T16:24:43","modified_gmt":"2019-12-09T15:24:43","slug":"saalburghalle","status":"publish","type":"page","link":"https:\/\/tv-obernhain.de\/?page_id=18","title":{"rendered":"Saalburghalle"},"content":{"rendered":"\n<p>Die Saalburghalle ist eine Mehrzweckhalle mit kulturellen und sportlichen Nutzungsm\u00f6glichkeiten. <\/p>\n\n\n\n<p>Sie ist die haupts\u00e4chliche Sportst\u00e4tte des TV 1891 Obernhain e.V. Hier finden die Trainings- und \u00dcbungsstunden, sowie  Veranstaltungen statt. <\/p>\n\n\n\n<p>Die moderne Sporthalle hat ein Spielfeldma\u00df von 18 X 36 m mit B\u00fchne und einen Vereinsraum mit K\u00fcche.    <\/p>\n\n\n\n<p>Ein Basketballspielfeld befindet sich im Au\u00dfenbereich. Angrenzend ist ein moderner Kinderspielplatz, so wie das Jugendzentrum Obernhains. <\/p>\n\n\n\n<p>Die Adresse der Halle lautet:<br>Sch\u00f6ne Aussicht 25<br>61273 Wehrheim<\/p>\n\n\n\n<figure class=\"wp-block-video\"><video height=\"1080\" style=\"aspect-ratio: 1920 \/ 1080;\" width=\"1920\" controls loop muted src=\"http:\/\/test1.tv-obernhain.de\/wp-content\/uploads\/2019\/12\/Video-Saalburghalle-Innen.mp4\"><\/video><figcaption>Die Saalburghalle von Innen<\/figcaption><\/figure>\n","protected":false},"excerpt":{"rendered":"<p>Die Saalburghalle ist eine Mehrzweckhalle mit kulturellen und sportlichen Nutzungsm\u00f6glichkeiten. Sie ist die haupts\u00e4chliche Sportst\u00e4tte des TV 1891 Obernhain e.V. Hier finden die Trainings- und \u00dcbungsstunden, sowie Veranstaltungen statt. Die moderne Sporthalle hat ein Spielfeldma\u00df von 18 X 36 m mit B\u00fchne und einen Vereinsraum mit K\u00fcche. Ein Basketballspielfeld befindet sich im Au\u00dfenbereich. Angrenzend ist &#8230; <a title=\"Saalburghalle\" class=\"read-more\" href=\"https:\/\/tv-obernhain.de\/?page_id=18\" aria-label=\"Mehr dazu unter Saalburghalle\">Weiterlesen<\/a><\/p>\n","protected":false},"author":1,"featured_media":0,"parent":0,"menu_order":0,"comment_status":"closed","ping_status":"closed","template":"","meta":{"footnotes":""},"class_list":["post-18","page","type-page","status-publish"],"_links":{"self":[{"href":"https:\/\/tv-obernhain.de\/index.php?rest_route=\/wp\/v2\/pages\/18","targetHints":{"allow":["GET"]}}],"collection":[{"href":"https:\/\/tv-obernhain.de\/index.php?rest_route=\/wp\/v2\/pages"}],"about":[{"href":"https:\/\/tv-obernhain.de\/index.php?rest_route=\/wp\/v2\/types\/page"}],"author":[{"embeddable":true,"href":"https:\/\/tv-obernhain.de\/index.php?rest_route=\/wp\/v2\/users\/1"}],"replies":[{"embeddable":true,"href":"https:\/\/tv-obernhain.de\/index.php?rest_route=%2Fwp%2Fv2%2Fcomments&post=18"}],"version-history":[{"count":5,"href":"https:\/\/tv-obernhain.de\/index.php?rest_route=\/wp\/v2\/pages\/18\/revisions"}],"predecessor-version":[{"id":216,"href":"https:\/\/tv-obernhain.de\/index.php?rest_route=\/wp\/v2\/pages\/18\/revisions\/216"}],"wp:attachment":[{"href":"https:\/\/tv-obernhain.de\/index.php?rest_route=%2Fwp%2Fv2%2Fmedia&parent=18"}],"curies":[{"name":"wp","href":"https:\/\/api.w.org\/{rel}","templated":true}]}}